What is the millions digit of 10503335?
0
What is the thousands digit of 3814644?
4
What is the hundred thousands digit of 2498000?
4
What is the ten thousands digit of 470885?
7
What is the thousands digit of 245728?
5
What is the hundreds digit of 4462019?
0
What is the hundreds digit of 1941636?
6
What is the hundred thousands digit of 990262?
9
What is the hundreds digit of 202861?
8
What is the units digit of 3282160?
0
What is the thousands digit of 3534070?
4
What is the tens digit of 18759?
5
What is the millions digit of 1042584?
1
What is the ten thousands digit of 6709530?
0
What is the millions digit of 1021595?
1
What is the thousands digit of 24953?
4
What is the units digit of 1106494?
4
What is the hundred thousands digit of 956507?
9
What is the ten millions digit of 13446653?
1
What is the ten thousands digit of 32366?
3
What is the ten thousands digit of 1095362?
9
What is the units digit of 316393?
3
What is the millions digit of 1473318?
1
What is the thousands digit of 7231635?
1
What is the thousands digit of 5284813?
4
What is the hundreds digit of 6645084?
0
What is the units digit of 10931325?
5
What is the tens digit of 273730?
3
What is the hundreds digit of 5558108?
1
What is the hundreds digit of 705593?
5
What is the units digit of 496488?
8
What is the thousands digit of 235497?
5
What is the tens digit of 105472?
7
What is the tens digit of 1191219?
1
What is the millions digit of 1015085?
1
What is the hundreds digit of 105834?
8
What is the ten thousands digit of 336387?
3
What is the tens digit of 1466751?
5
What is the hundreds digit of 324369?
3
What is the thousands digit of 770173?
0
What is the units digit of 456238?
8
What is the hundred thousands digit of 604327?
6
What is the units digit of 1585638?
8
What is the millions digit of 4689280?
4
What is the tens digit of 136101?
0
What is the hundred thousands digit of 5018649?
0
What is the units digit of 8853621?
1
What is the hundred thousands digit of 7024800?
0
What is the tens digit of 808297?
9
What is the hundred thousands digit of 4769553?
7
What is the millions digit of 12679067?
2
What is the tens digit of 22450163?
6
What is the thousands digit of 1821145?
1
What is the millions digit of 6327234?
6
What is the units digit of 1760472?
2
What is the ten thousands digit of 187271?
8
What is the hundreds digit of 556032?
0
What is the units digit of 6954269?
9
What is the hundred thousands digit of 4720020?
7
What is the ten thousands digit of 64703?
6
What is the thousands digit of 188683?
8
What is the units digit of 189029?
9
What is the hundreds digit of 6425225?
2
What is the hundreds digit of 693669?
6
What is the hundred thousands digit of 11345933?
3
What is the hundreds digit of 791731?
7
What is the millions digit of 13071673?
3
What is the millions digit of 16893578?
6
What is the ten thousands digit of 14049?
1
What is the hundred thousands digit of 186159?
1
What is the hundred thousands digit of 2393155?
3
What is the hundreds digit of 151367?
3
What is the hundred thousands digit of 672085?
6
What is the millions digit of 3406262?
3
What is the thousands digit of 9969007?
9
What is the units digit of 377065?
5
What is the hundred thousands digit of 7681233?
6
What is the ten thousands digit of 60602?
6
What is the ten thousands digit of 1229255?
2
What is the millions digit of 5102103?
5
What is the hundreds digit of 437688?
6
What is the thousands digit of 1966522?
6
What is the units digit of 247194?
4
What is the millions digit of 31847733?
1
What is the tens digit of 27454082?
8
What is the thousands digit of 1727988?
7
What is the thousands digit of 241036?
1
What is the millions digit of 37323129?
7
What is the tens digit of 5523294?
9
What is the units digit of 8335659?
9
What is the tens digit of 70806?
0
What is the ten thousands digit of 317815?
1
What is the hundreds digit of 25036035?
0
What is the ten millions digit of 16655635?
1
What is the millions digit of 7551622?
7
What is the thousands digit of 9472858?
2
What is the ten thousands digit of 1422355?
2
What is the hundreds digit of 280004?
0
What is the ten thousands digit of 2687057?
8
What is the thousands digit of 643697?
3
What is the units digit of 381450?
0
What is the millions digit of 2945597?
2
What is the ten millions digit of 12910659?
1
What is the hundreds digit of 474?
4
What is the ten thousands digit of 22150906?
5
What is the hundreds digit of 278543?
5
What is the hundred thousands digit of 2660758?
6
What is the thousands digit of 25771?
5
What is the hundred thousands digit of 930579?
9
What is the hundred thousands digit of 164929?
1
What is the units digit of 2083291?
1
What is the hundreds digit of 68333?
3
What is the ten thousands digit of 10973?
1
What is the ten thousands digit of 165505?
6
What is the thousands digit of 1734022?
4
What is the ten thousands digit of 20707?
2
What is the millions digit of 3560096?
3
What is the hundred thousands digit of 205340?
2
What is the hundred thousands digit of 640725?
6
What is the thousands digit of 1206236?
6
What is the ten thousands digit of 345398?
4
What is the thousands digit of 13952857?
2
What is the hundreds digit of 207221?
2
What is the hundreds digit of 5994071?
0
What is the thousands digit of 3455779?
5
What is the hundred thousands digit of 130738?
1
What is the hundred thousands digit of 27460593?
4
What is the units digit of 292139?
9
What is the tens digit of 324077?
7
What is the thousands digit of 3883966?
3
What is the hundred thousands digit of 1214950?
2
What is the tens digit of 9771989?
8
What is the units digit of 2899838?
8
What is the ten thousands digit of 3381465?
8
What is the tens digit of 195920?
2
What is the ten thousands digit of 3358310?
5
What is the hundreds digit of 9424080?
0
What is the units digit of 720639?
9
What is the hundred thousands digit of 190469?
1
What is the tens digit of 2655639?
3
What is the hundred thousands digit of 748173?
7
What is the hundreds digit of 68948?
9
What is the units digit of 408949?
9
What is the thousands digit of 234414?
4
What is the tens digit of 20925137?
3
What is the hundred thousands digit of 21960567?
9
What is the hundreds digit of 22004?
0
What is the hundred thousands digit of 1755854?
7
What is the units digit of 485944?
4
What is the millions digit of 22855372?
2
What is the units digit of 18766182?
2
What is the tens digit of 409346?
4
What is the tens digit of 621124?
2
What is the units digit of 22399311?
1
What is the hundred thousands digit of 7672446?
6
What is the units digit of 7895395?
5
What is the tens digit of 236303?
0
What is the hundreds digit of 3781849?
8
What is the thousands digit of 518244?
8
What is the hundreds digit of 1459508?
5
What is the thousands digit of 543935?
3
What is the tens digit of 903478?
7
What is the ten thousands digit of 9783851?
8
What is the hundreds digit of 209900?
9
What is the hundred thousands digit of 114395?
1
What is the millions digit of 12193308?
2
What is the thousands digit of 10384374?
4
What is the tens digit of 22896?
9
What is the ten thousands digit of 1093195?
9
What is the ten thousands digit of 289034?
8
What is the hundreds digit of 346732?
7
What is the hundreds digit of 205001?
0
What is the thousands digit of 6004407?
4
What is the millions digit of 1707549?
1
What is the units digit of 5723580?
0
What is the thousands digit of 722173?
2
What is the hundreds digit of 6480500?
5
What is the ten thousands digit of 662107?
6
What is the ten thousands digit of 43176?
4
What is the tens digit of 315976?
7
What is the thousands digit of 989912?
9
What is the tens digit of 14347954?
5
What is the millions digit of 2330108?
2
What is the hundred thousands digit of 308957?
3
What is the units digit of 1449720?
0
What is the ten thousands digit of 58125?
5
What is the millions digit of 18869369?
8
What is the hundred thousands digit of 1508454?
5
What is the ten thousands digit of 591401?
9
What is the hundreds digit of 234055?
0
What is the units digit of 134799?
9
What is the ten thousands digit of 496737?
9
What is the tens digit of 392862?
6
What is the ten thousands digit of 4400010?
0
What is the tens digit of 1687079?
7
What is the hundre